 a be v(1). Let c(q) = 18*q - 26. Let t be c(4). Calculate the highest common factor of t and a.
23
Suppose -49*t + 45 = -44*t. Suppose -4*y - y + 10 = -a, -a = 3*y + 2. Calculate the greatest common factor of y and t.
1
Let w = -59 - -123. Calculate the greatest common factor of w and 16.
16
Suppose -7*d + 12*d = 0. Suppose d = l + 1 - 20. Calculate the highest common factor of l and 95.
19
Let k = -63 + 182. What is the highest common divisor of k and 17?
17
Let o(i) = -5*i**2 - 8*i. Let l(c) = -9*c**2 - 16*c + 1. Let t(j) = -6*l(j) + 11*o(j). Let w be t(5). Calculate the highest common divisor of 36 and w.
9
Let t(o) be the second derivative of -o**4/12 + 5*o**3/3 + 4*o. Let s be t(9). What is the highest common factor of 45 and s?
9
Let y be (-332)/(-12) - (-12)/(-18). Calculate the greatest common divisor of y and 27.
27
Suppose 4 = 2*k - 0*k. Suppose 0 = k*b - 3*b + 3. Suppose 0 = -5*y + 20, n - 3*y - 1 = 2. Calculate the highest common factor of b and n.
3
Suppose -2*x - 24 = -5*x. What is the highest common factor of x and 12?
4
Let o(k) = -k**3 - k**2 - 6*k - 8. Let f be o(-3). Calculate the greatest common factor of 42 and f.
14
Let h(f) = f**3 - 7*f**2 + 5*f + 22. Let r be h(7). What is the greatest common factor of r and 76?
19
Suppose -75 = -3*v + 2*v. Let g = 43 - v. Let k = 53 + g. What is the highest common divisor of k and 7?
7
Let t(o) = 2*o + 4. Let h be t(-4). Let r(f) = -f - 18. Let q be r(0). Let c be h/q - (-1209)/27. What is the greatest common factor of 9 and c?
9
Suppose 27*x = 23*x + 220. Calculate the highest common divisor of 22 and x.
11
Let d be (-1 - 3) + (11 - 10) + 241. What is the highest common divisor of d and 34?
34
Let b be 12/(-2)*20/(-3). Let t be (26/1)/2 - -3. Calculate the greatest common factor of b and t.
8
Let a = 399 + -282. Calculate the highest common divisor of 13 and a.
13
Let f(i) = -17*i + 3. Let y be f(-1). What is the highest common factor of y and 30?
10
Let w = 83 - 48. Calculate the greatest common divisor of w and 5.
5
Let d = -20 + 36. Suppose 5*a + 3*b = 597, 2*b = 5*a - 2*b - 569. Suppose 11 = 2*f - a. What is the greatest common divisor of f and d?
16
Suppose -3*a + 4*g + 2 = 0, 9*a - 4*a - g = 9. Let w be 20 - 1/a*4. What is the greatest common factor of w and 198?
18
Let w(z) = z**3 + 8*z**2 - z - 3. Let l be w(-8). Let h be 442/l - 4/10. What is the greatest common divisor of 8 and h?
8
Suppose 3*v - 8*v + 315 = 0. Let r be 2/(-10) - v/(-15). Let w be (-2)/r*(-11 + 3). What is the highest common factor of w and 16?
4
Suppose 0*l = -3*s - 2*l, 0 = 2*l + 6. Suppose -s = -i - i. Let q be 0 - 6*(-21 + i). Calculate the highest common factor of q and 15.
15
Let c(v) = 4*v - 14. Let q be c(7). Calculate the greatest common factor of 154 and q.
14
Suppose -16 = -2*d + 4*z, d - 2 = -0*d - z. Suppose 608 = d*t + o, 3*o = 2*t + 6*o - 294. Calculate the greatest common divisor of 17 and t.
17
Let a(c) = 1 - 2*c + 5 + 0. Let j be a(-4). What is the greatest common factor of j and 14?
14
Suppose 3*y = -5*j + 234, -2*j - 3*j = 5*y - 230. Let g = 77 - j. Calculate the highest common divisor of 174 and g.
29
Let c(k) = k**3 - 6*k**2 + 7*k - 7. Let h = -3 + 8. Let s be c(h). Let w be (18/(-8))/(s/(-8)). Calculate the greatest common factor of w and 6.
6
Let g = 1 - 1. Let r be (9 - g) + (-1 - 0). Suppose -2*h = 3*y - 40, y - h - 10 = -0*h. Calculate the highest common factor of y and r.
4
Let a be ((-108)/15)/((-3)/(-10)). Suppose 2*b = -2*b + 48. Let z be (b/18)/((-2)/a). What is the greatest common divisor of 64 and z?
8
Let y(x) = x**3 + 4*x**2 - 5*x - 4. Let u = -10 + 6. Let f be y(u). Calculate the highest common divisor of 32 and f.
16
Let b be 27 + -3 + -4 + 4. Calculate the highest common factor of b and 40.
8
Suppose 9 = 5*v - 46. Let k(w) = -w**2 + 8*w + 4. Let u be k(8). Let p be u/18 + (-691)/(-9). Calculate the highest common factor of p and v.
11
Let u(f) = f**3 + 9*f**2 + 5*f. Let i be u(-8). Calculate the highest common factor of i and 3.
3
Let u(v) = v + 7. Let q be u(3). Suppose 2*o - 4*o = -q. What is the greatest common factor of 2 and o?
1
Let r = 85 + -63. Let z = 1 - -1. Calculate the highest common divisor of z and r.
2
Let y = -25 + 5. Let n be 8/((-42)/y - 2). What is the highest common factor of n and 16?
16
Let x(v) = v**2 + v - 2. Let q be x(-3). Suppose 5*s = -4 + 24. Let c be (6/(-8))/(s/(-64)). Calculate the greatest common divisor of q and c.
4
Suppose 5*b + 12 = -3*m + 2*m, -5*m - b = -36. What is the greatest common divisor of m and 24?
8
Let d be (7/5)/((-6)/(-30)). Let t = d - 5. Calculate the greatest common divisor of 18 and t.
2
Let x = 548 - 229. What is the highest common factor of x and 11?
11
Let h = -7 + 14. Suppose f = -5*v, -3*v - h - 10 = 4*f. Calculate the highest common factor of v and 7.
1
Suppose -5*j + 3*p + 2*p + 135 = 0, -3*j + 73 = -5*p. Calculate the highest common divisor of 31 and j.
31
Let f be 30*-1*(-15)/9. Calculate the greatest common factor of 10 and f.
10
Suppose -h = -133 - 101. What is the highest common factor of 26 and h?
26
Let l = 16 - 2. Calculate the greatest common divisor of 98 and l.
14
Let p = 4 - -1. Let f(z) = -5*z + 8. Let w be f(6). Let y = w + 37. What is the greatest common divisor of y and p?
5
Let m be (-7)/(-5) - 4/10. Suppose 5*b = 2*k + 52 + 11, -3*k - m = b. Suppose 3*q = -u + 221 - 86, 0 = 5*u - 15. What is the greatest common divisor of q and b?
11
Let o be 2/(-5)*10*-2. Calculate the highest common divisor of o and 24.
8
Suppose -3*c + 100 = -c. What is the highest common divisor of c and 5?
5
Let x(a) = -2*a + 20. Let c be x(0). What is the greatest common divisor of 5 and c?
5
Let a(z) = z**3 - 12*z**2 + 15*z - 8. Suppose -5*o + 3*o = -22. Let b be a(o). What is the highest common factor of 9 and b?
9
Let c be 1 + (-2 + 1)*-6. Suppose k - c = 1. Let m(q) = -19*q + 1. Let t be m(-1). What is the highest common divisor of t and k?
4
Suppose 3*y = 12, 0 = -0*r + r + 4*y - 19. Suppose -r*i + 74 + 28 = 0. Calculate the highest common factor of 17 and i.
17
Let u = 147 - 83. What is the highest common factor of u and 32?
32
Let s be 21/(-14)*(-236)/6. Suppose -4*h + 0*r - r = -241, 0 = -h + r + s. What is the highest common divisor of 24 and h?
12
Let f be (-10)/3 + (-2)/(-6). Let n be 9/f - (1 + -9). Calculate the highest common factor of n and 10.
5
Let s(x) = x**2 + 7*x. Let n be s(-13). What is the greatest common divisor of 39 and n?
39
Suppose 4*a - 3*d - 289 = 0, a - 5*a + 277 = d. Let i(g) = -3*g - 3 + 3 + 3 - 2. Let y be i(-9). What is the greatest common divisor of y and a?
14
Let l = 19 - 16. Suppose -l*x - h = -23, -2*x = -4*x - 5*h + 37. What is the highest common factor of 3 and x?
3
Suppose 3*h + 2*y = -2*y + 185, 0 = h - 4*y - 67. Calculate the highest common factor of 9 and h.
9
Let r be 0 - (2 + 25 + 3)/(-1). Let g(s) = -70*s**2 + s - 1. Let h be g(1). Let f = h + 115. What is the highest common factor of r and f?
15
Suppose 32 = 2*j - 28. Suppose -40 = x - 3*x. Let r = 32 - x. Calculate the highest common factor of r and j.
6
Let u = -8 + 11. Suppose 0 = u*l - 5*l + 8. What is the greatest common factor of l and 6?
2
Suppose 4*c - 3*y - 357 = -0*y, 0 = -5*c + 3*y + 450. Suppose -12 = -3*l + c. Let q be 0*(-1)/(-2) + l. What is the highest common factor of q and 7?
7
Suppose 5*k - 42 = 68. What is the highest common factor of 55 and k?
11
Let m = 17 - 15. Calculate the highest common divisor of m and 10.
2
Let j(l) = l**3 + 3*l + 4. Let y be j(3). What is the greatest common divisor of y and 80?
40
Let o(b) = -2*b - 7. Let v be o(-5). Let l(z) be the first derivative of 5*z**2 - 1. Let d be l(v). What is the highest common divisor of d and 20?
10
Let f = -18 + 26. Suppose 80 = f*a - 4*a. Suppose 3376 + 424 = 38*u. Calculate the highest common factor of u and a.
20
Let r be ((-5)/(-25))/((-2)/(-50)). What is the greatest common divisor of 10 and r?
5
Let t(k) = 2*k - 6. Let j be t(4). Suppose 6*p - 572 = j*p. Calculate the greatest common divisor of p and 13.
13
Suppose 3*m - g = 115, 0 = -4*m - m + 5*g + 185. What is the highest common divisor of 26 and m?
13
Let t be 20/(-8)*(0 + -18). Calculate the greatest common factor of t and 225.
45
Let p(m) = 2*m**2 + 4*m - 6. Let l be p(4). S